w) = 7259*w - 333924. Give i(46).
-10
Let i(f) = -12*f**2 - 12*f + 76. Calculate i(-11).
-1244
Let u(q) = 4*q**2 + 495*q + 4212. What is u(-9)?
81
Let h(m) = 3048*m + 22420. What is h(-6)?
4132
Let d(y) = -12*y**2 - 2648*y - 15454. Give d(-6).
2
Let v(s) = 818*s + 5047. Give v(-5).
957
Let m(q) = -q**2 - 26778*q + 777411. Determine m(29).
8
Let x(s) = -288*s - 1861. Calculate x(-6).
-133
Let m(v) = -v**3 - 318*v**2 - 4702*v - 47552. Calculate m(-303).
19
Let r(j) = -3241*j**3 + 143*j**2 + 162*j + 17. Calculate r(-1).
3239
Let d(h) = -h**3 + 4*h**2 + 7*h - 221. Determine d(-6).
97
Let l(d) = 3*d**3 - 668*d**2 + 40*d + 89664. Calculate l(222).
-24
Let h(x) = -14496*x - 28982. Determine h(-2).
10
Let a(v) = -v**3 - 208*v**2 - 3926*v + 30787. Give a(-186).
-89
Let y(x) = x**2 - 422*x + 11297. Calculate y(28).
265
Let a(b) = -2*b**3 - 6*b**2 - 20*b + 59. Determine a(4).
-245
Let m(w) = -44055*w + 88044. Give m(2).
-66
Let t(p) = -829626*p - 829627. Determine t(-1).
-1
Let l(r) = 142*r - 2236. Calculate l(20).
604
Let k(q) = -q**3 - 56*q**2 + 11314*q + 272. Determine k(82).
108
Let s(w) = 4506*w + 18094. What is s(-4)?
70
Let q(p) = -399*p + 19152. Give q(48).
0
Let k(t) = -9*t**3 + 692*t**2 + 77*t + 14. Give k(77).
14
Let r(u) = -52*u**2 + 383*u + 274. What is r(8)?
10
Let m(d) = -20933*d - 146568. Calculate m(-7).
-37
Let h(g) = 17*g**2 - 251*g - 338. Determine h(16).
-2
Let w(v) = v**2 - 5952*v - 83486. What is w(-14)?
38
Let t(p) = -p**3 + p**2 + 491*p - 33. Determine t(0).
-33
Let d(n) = -992*n - 8977. Give d(-7).
-2033
Let t(o) = 4883*o + 2026427. Give t(-415).
-18
Let b(r) = 12*r**3 - 104*r**2 - 207*r + 2. What is b(-2)?
-96
Let m(j) = -6*j**2 + 4020*j + 24125. Give m(-6).
-211
Let t(z) = -30*z**2 + 252. Give t(6).
-828
Let u(s) = -660*s + 4096. Give u(4).
1456
Let j(a) = 145*a**2 + 2005*a + 164. What is j(-14)?
514
Let v(k) = -12*k**3 + 1860*k**2 - 468. What is v(155)?
-468
Let a(q) = -q**3 - 16*q**2 - 429*q - 4242. Calculate a(-11).
-128
Let u(l) = -2*l**3 + 134*l**2 - 122*l + 38. Calculate u(66).
698
Let d(x) = 4*x**2 + 135*x + 1303. Give d(-16).
167
Let o(m) = 41360*m + 82726. Calculate o(-2).
6
Let r(f) = -133*f**3 - 43*f**2 + 797*f - 753. Determine r(1).
-132
Let r(q) = 563*q + 26408. Give r(-47).
-53
Let j(i) = -i**3 - 27*i**2 + 16*i + 807. What is j(-25)?
-843
Let z(c) = -c**3 + 61*c**2 + 343*c + 71. Calculate z(-5).
6
Let d(p) = 41712*p - 1334776. What is d(32)?
8
Let x(n) = -3382*n**2 + 14012*n - 18. What is x(4)?
1918
Let m(i) = -4*i**3 - 183*i**2 + 574*i + 24292. Determine m(-46).
4
Let a(g) = 2*g**2 + 71*g + 1975. Calculate a(-16).
1351
Let h(t) = 2*t**2 - 397*t - 11423. Calculate h(224).
1
Let w(p) = -5*p**3 - 23*p**2 - 135*p + 393. What is w(2)?
-9
Let x(y) = -66*y - 505. Calculate x(-12).
287
Let y(b) = b**3 - 29*b**2 - 135*b - 231. Give y(33).
-330
Let i(u) = -u**2 + 57*u - 200. Determine i(80).
-2040
Let m(p) = 315*p - 11347. What is m(37)?
308
Let j(a) = 178*a - 4015. What is j(20)?
-455
Let b(q) = -10*q**3 + 8*q**2 + 21*q - 60. Give b(4).
-488
Let d(x) = -x**2 - 1062*x + 121256. What is d(104)?
-8
Let f(g) = 413*g**2 + 2497*g + 122. What is f(-6)?
8
Let g(h) = -h**3 - 29*h**2 + 155*h + 405. What is g(-33)?
-354
Let f(q) = 9362*q - 65529. What is f(7)?
5
Let k(a) = -a**3 - 269*a**2 - 13974*a + 5948. Give k(-71).
-16
Let c(h) = h**3 - 22*h**2 - 169*h - 967. What is c(29)?
19
Let s(j) = j**3 - 51*j**2 - 242*j + 87. Give s(55).
-1123
Let j(d) = 403*d - 929. What is j(2)?
-123
Let h(r) = -8*r**3 - 22*r**2 + 812*r - 790. What is h(1)?
-8
Let l(a) = -9*a**2 - 133*a + 1242. Determine l(-21).
66
Let n(j) = j**3 + 80*j**2 + 336*j + 315. Determine n(-3).
0
Let i(h) = h**3 - 7*h**2 - 87004*h + 522064. Give i(6).
4
Let r(v) = 22204*v + 333070. Calculate r(-15).
10
Let r(c) = -c**3 - 10*c**2 - 67302*c - 673033. What is r(-10)?
-13
Let m(t) = 2882*t + 54715. Give m(-19).
-43
Let m(u) = 24*u**2 + 249*u + 261. Determine m(-6).
-369
Let p(r) = -293*r - 1578. Calculate p(-8).
766
Let p(l) = 16*l**3 - 25*l**2 - 78*l + 154. Determine p(2).
26
Let a(b) = 13*b**2 + 739*b - 69760. Calculate a(-107).
4
Let t(g) = -2997*g + 656352. What is t(219)?
9
Let g(u) = -6*u**3 + 11*u**2 - 113*u + 187. Calculate g(2).
-43
Let r(p) = -63*p**3 + 8*p**2 + 46*p + 2. Give r(-3).
1637
Let l(q) = -17*q - 5513. Determine l(-327).
46
Let b(x) = 124*x + 1576. Determine b(-17).
-532
Let y(z) = z**3 + 99*z**2 - 177*z + 1175. Determine y(-101).
-1350
Let c(d) = -116909*d + 1052193. Determine c(9).
12
Let w(k) = -k**3 + 34*k**2 + 1032*k - 35059. What is w(32)?
13
Let g(h) = -h**2 + 1667*h - 58460. Give g(36).
256
Let t(q) = -q**3 + 300*q**2 + 7775*q + 446. Give t(324).
122
Let l(y) = -3*y**2 - 219*y - 3206. Calculate l(-50).
244
Let x(j) = -33*j - 7478. Give x(-185).
-1373
Let o(z) = -832*z + 12634. Calculate o(13).
1818
Let g(r) = -8258*r - 13501828. Determine g(-1635).
2
Let x(r) = -r**3 + 61*r**2 - 6*r + 455. What is x(0)?
455
Let l(f) = 2*f**3 - 23*f**2 - 1911*f + 11839. Give l(6).
-23
Let p(d) = -2*d**3 - 40*d**2 + 9620*d + 192402. Give p(-20).
2
Let o(k) = -890*k**2 + 11584*k - 184. Give o(13).
-2
Let q(j) = -9763*j - 380733. What is q(-39)?
24
Let g(n) = -1727*n + 8567. Give g(5).
-68
Let v(n) = -n**3 - 27*n**2 + 295*n + 8275. Determine v(-18).
49
Let d(i) = -97422*i - 8. What is d(0)?
-8
Let u(r) = -4*r**3 - 51*r**2 + 30*r - 10. Give u(3).
-487
Let h(y) = y**3 + 69*y**2 + 127*y - 11543. Give h(-16).
-7
Let f(m) = -12*m**2 - 2065*m + 8278. Give f(4).
-174
Let m(k) = -436*k + 12338. What is m(29)?
-306
Let s(h) = 622*h - 8732. Determine s(14).
-24
Let h(b) = b**3 + 91*b**2 - 1044*b - 3429. Give h(-101).
5
Let z(c) = -c**3 - 33*c**2 + 106*c - 31. What is z(3)?
-37
Let u(k) = -3101*k - 2285444. Calculate u(-737).
-7
Let h(o) = 9410*o - 846876. Give h(90).
24
Let z(t) = -10*t**2 + 1397*t + 10713. What is z(147)?
-18
Let f(i) = -366*i + 36717. Calculate f(100).
117
Let i(m) = -m**2 - 567*m + 41781. Determine i(66).
3
Let l(u) = u**3 - 2*u**2 - 722*u - 6. Determine l(28).
162
Let b(d) = 2*d**3 - 128*d**2 + 807*d - 673. What is b(6)?
-7
Let z(v) = -v**3 + 640*v**2 - 8765*v + 15. What is z(14)?
1
Let a(h) = -457*h - 12799. What is a(-30)?
911
Let z(a) = -115*a - 5683. Give z(-56).
757
Let p(y) = -2666*y + 1039736. Determine p(390).
-4
Let k(t) = 13025*t + 36821674. What is k(-2827)?
-1
Let j(q) = q**3 - 1060*q**2 + 19780*q - 19. Determine j(19).
0
Let l(r) = -24*r**2 + 48*r + 600. Calculate l(-11).
-2832
Let p(a) = -375*a**2 - 4087*a + 272. What is p(-11)?
-146
Let i(w) = 278*w**2 - 20013*w - 125. Give i(72).
91
Let t(m) = m**2 + 42*m - 811. What is t(-28)?
-1203
Let q(j) = 2798*j - 45963. Determine q(17).
1603
Let q(z) = z**2 + 3738*z + 14930. What is q(-4)?
-6
Let j(s) = -7573*s - 7419. What is j(-1)?
154
Let p(n) = -8*n**2 - 16043*n + 64269. Calculate p(4).
-31
Let m(i) = -2*i**3 + 18*i**2 + 119*i + 164. Determine m(-3).
23
Let p(b) = 5*b**3 + 22*b**2 - 2889*b - 14503. What is p(-5)?
-133
Let u(p) = -2162*p**2 + 110254*p + 408. Determine u(51).
0
Let c(g) = -3*g**3 + 803*g**2 + 273*g - 1107. Give c(268).
233
Let v(c) = 12*c**2 - 5*c - 14. Calculate v(0).
-14
Let v(z) = 1924*z + 88741. Give v(-46).
237
Let x(l) = -7*l**3 - 779*l**2 - 197*l + 971. Give x(-111).
-1804
Let p(r) = -2*r**2 - 44*r - 370. Calculate p(-12).
-130
Let v(u) = -4992*u**2 + 24968*u + 12. Determine v(5).
52
Let v(q) = -q**2 - 288*q + 594. What is v(2)?
14
Let r(y) = 2405*y - 151475. Determine r(63).
40
Let u(c) = -c**3 - 26*c**2 + 1864*c - 10052. What is u(6)?
-20
Let h(n) = 2562*n + 72050. Give h(-28).
314
Let w(q) = -618*q - 531482. Determine w(-860).
-2
Let m(i) = 2*i**3 + 14*i**2 - 264*i + 63. Give m(-16).
-321
Let h(g) = -60*g**2 - 2636*g + 422. Give h(-44).
246
Let g(x) = 3881*x + 54424. Determine g(-14).
90
Let a(k) = -16534*k - 1917952. Give a(-116).
-8
Let u(a) = -6*a**3 - 37*a**2 - 39*a + 63. Determine u(-2).
41
Let f(n) = 823*n - 14377. Give f(18).
437
Let b(j) = 19122*j - 172070. Determine b(9).
28
Let c(z) = 19*z**3 + 213*z**2 + 42*z - 24. Determine c(-11).
-2
Let d(f) = -104*f + 1104. Determine d(24).
-1392
Let d(v) = -v**3 - 73*v**2 + 756*v + 55176. What is d(-73)?
-12
Let a(k) = -74961*k + 4. Determine a(0).
4
Let p(h) = 24*h**2 + 582*h - 7957. Calculate p(-34).
-1
Let h(u) = u**3